{"id":71,"date":"2020-09-16T18:12:05","date_gmt":"2020-09-16T18:12:05","guid":{"rendered":"https:\/\/www.icomimage.ch\/?page_id=71"},"modified":"2020-09-16T20:40:58","modified_gmt":"2020-09-16T20:40:58","slug":"impressum","status":"publish","type":"page","link":"https:\/\/www.icomimage.ch\/?page_id=71","title":{"rendered":"Legal Notice"},"content":{"rendered":"\t\t<div data-elementor-type=\"wp-page\" data-elementor-id=\"71\" class=\"elementor elementor-71\">\n\t\t\t\t\t\t<section class=\"elementor-section elementor-top-section elementor-element elementor-element-e77e100 elementor-section-boxed elementor-section-height-default elementor-section-height-default\" data-id=\"e77e100\" data-element_type=\"section\" data-e-type=\"section\">\n\t\t\t\t\t\t<div class=\"elementor-container elementor-column-gap-default\">\n\t\t\t\t\t<div class=\"elementor-column elementor-col-100 elementor-top-column elementor-element elementor-element-235752d\" data-id=\"235752d\" data-element_type=\"column\" data-e-type=\"column\">\n\t\t\t<div class=\"elementor-widget-wrap elementor-element-populated\">\n\t\t\t\t\t\t<div class=\"elementor-element elementor-element-440ab2a elementor-widget elementor-widget-text-editor\" data-id=\"440ab2a\" data-element_type=\"widget\" data-e-type=\"widget\" data-widget_type=\"text-editor.default\">\n\t\t\t\t<div class=\"elementor-widget-container\">\n\t\t\t\t\t\t\t\t\t<article id=\"post-45\" class=\"post-45 page type-page status-publish hentry latest_post\"><header class=\"page-header\"><h1 class=\"page-title\">Inhaber:<\/h1><\/header><div class=\"entry-content\"><p>Jan Aeberhard<\/p><p>Fribourg<\/p><h2>Kontakt:<\/h2><p>jan@icomimage.ch<\/p><p>Copyright \u00a9 Icomimage<\/p><p>Inhalte, Bilder und Graphiken d\u00fcrfen nicht verwendet oder kopiert werden.<br \/>Wir sind nicht f\u00fcr die Inhalte verkn\u00fcpfter Internetseiten anderer Anbieter verantwortlich.<br \/>F\u00fcr Informationen auf unserer Webseite und Webeiten Dritter werden s\u00e4mtliche Haftungsanspr\u00fcche abgelehnt.<\/p><\/div><\/article>\t\t\t\t\t\t\t\t<\/div>\n\t\t\t\t<\/div>\n\t\t\t\t\t<\/div>\n\t\t<\/div>\n\t\t\t\t\t<\/div>\n\t\t<\/section>\n\t\t\t\t<\/div>\n\t\t","protected":false},"excerpt":{"rendered":"<p>Inhaber: Jan Aeberhard Fribourg Kontakt: jan@icomimage.ch Copyright \u00a9 Icomimage Inhalte, Bilder und Graphiken d\u00fcrfen nicht verwendet oder kopiert werden.Wir sind nicht f\u00fcr die Inhalte verkn\u00fcpfter Internetseiten anderer Anbieter verantwortlich.F\u00fcr Informationen auf unserer Webseite und Webeiten Dritter werden s\u00e4mtliche Haftungsanspr\u00fcche abgelehnt.<\/p>\n","protected":false},"author":1,"featured_media":0,"parent":0,"menu_order":0,"comment_status":"closed","ping_status":"closed","template":"","meta":{"ocean_front_end_style_editor":"no","ocean_post_layout":"","ocean_both_sidebars_style":"","ocean_both_sidebars_content_width":0,"ocean_both_sidebars_sidebars_width":0,"ocean_sidebar":"0","ocean_second_sidebar":"0","ocean_disable_margins":"enable","ocean_add_body_class":"","ocean_shortcode_before_top_bar":"","ocean_shortcode_after_top_bar":"","ocean_shortcode_before_header":"","ocean_shortcode_after_header":"","ocean_has_shortcode":"","ocean_shortcode_after_title":"","ocean_shortcode_before_footer_widgets":"","ocean_shortcode_after_footer_widgets":"","ocean_shortcode_before_footer_bottom":"","ocean_shortcode_after_footer_bottom":"","ocean_display_top_bar":"default","ocean_display_header":"default","ocean_header_style":"","ocean_center_header_left_menu":"0","ocean_custom_header_template":"0","ocean_custom_logo":0,"ocean_custom_retina_logo":0,"ocean_custom_logo_max_width":0,"ocean_custom_logo_tablet_max_width":0,"ocean_custom_logo_mobile_max_width":0,"ocean_custom_logo_max_height":0,"ocean_custom_logo_tablet_max_height":0,"ocean_custom_logo_mobile_max_height":0,"ocean_header_custom_menu":"0","ocean_menu_typo_font_family":"0","ocean_menu_typo_font_subset":"","ocean_menu_typo_font_size":0,"ocean_menu_typo_font_size_tablet":0,"ocean_menu_typo_font_size_mobile":0,"ocean_menu_typo_font_size_unit":"px","ocean_menu_typo_font_weight":"","ocean_menu_typo_font_weight_tablet":"","ocean_menu_typo_font_weight_mobile":"","ocean_menu_typo_transform":"","ocean_menu_typo_transform_tablet":"","ocean_menu_typo_transform_mobile":"","ocean_menu_typo_line_height":0,"ocean_menu_typo_line_height_tablet":0,"ocean_menu_typo_line_height_mobile":0,"ocean_menu_typo_line_height_unit":"","ocean_menu_typo_spacing":0,"ocean_menu_typo_spacing_tablet":0,"ocean_menu_typo_spacing_mobile":0,"ocean_menu_typo_spacing_unit":"","ocean_menu_link_color":"","ocean_menu_link_color_hover":"","ocean_menu_link_color_active":"","ocean_menu_link_background":"","ocean_menu_link_hover_background":"","ocean_menu_link_active_background":"","ocean_menu_social_links_bg":"","ocean_menu_social_hover_links_bg":"","ocean_menu_social_links_color":"","ocean_menu_social_hover_links_color":"","ocean_disable_title":"default","ocean_disable_heading":"default","ocean_post_title":"","ocean_post_subheading":"","ocean_post_title_style":"","ocean_post_title_background_color":"","ocean_post_title_background":0,"ocean_post_title_bg_image_position":"","ocean_post_title_bg_image_attachment":"","ocean_post_title_bg_image_repeat":"","ocean_post_title_bg_image_size":"","ocean_post_title_height":0,"ocean_post_title_bg_overlay":0.5,"ocean_post_title_bg_overlay_color":"","ocean_disable_breadcrumbs":"default","ocean_breadcrumbs_color":"","ocean_breadcrumbs_separator_color":"","ocean_breadcrumbs_links_color":"","ocean_breadcrumbs_links_hover_color":"","ocean_display_footer_widgets":"default","ocean_display_footer_bottom":"default","ocean_custom_footer_template":"0","footnotes":""},"class_list":["post-71","page","type-page","status-publish","hentry","entry"],"_links":{"self":[{"href":"https:\/\/www.icomimage.ch\/index.php?rest_route=\/wp\/v2\/pages\/71","targetHints":{"allow":["GET"]}}],"collection":[{"href":"https:\/\/www.icomimage.ch\/index.php?rest_route=\/wp\/v2\/pages"}],"about":[{"href":"https:\/\/www.icomimage.ch\/index.php?rest_route=\/wp\/v2\/types\/page"}],"author":[{"embeddable":true,"href":"https:\/\/www.icomimage.ch\/index.php?rest_route=\/wp\/v2\/users\/1"}],"replies":[{"embeddable":true,"href":"https:\/\/www.icomimage.ch\/index.php?rest_route=%2Fwp%2Fv2%2Fcomments&post=71"}],"version-history":[{"count":5,"href":"https:\/\/www.icomimage.ch\/index.php?rest_route=\/wp\/v2\/pages\/71\/revisions"}],"predecessor-version":[{"id":128,"href":"https:\/\/www.icomimage.ch\/index.php?rest_route=\/wp\/v2\/pages\/71\/revisions\/128"}],"wp:attachment":[{"href":"https:\/\/www.icomimage.ch\/index.php?rest_route=%2Fwp%2Fv2%2Fmedia&parent=71"}],"curies":[{"name":"wp","href":"https:\/\/api.w.org\/{rel}","templated":true}]}}

<div data-elementor-type="wp-page" data-elementor-id="71" class="elementor elementor-71">
						<section class="elementor-section elementor-top-section elementor-element elementor-element-e77e100 elementor-section-boxed elementor-section-height-default elementor-section-height-default" data-id="e77e100" data-element_type="section" data-e-type="section">
						<div class="elementor-container elementor-column-gap-default">
					<div class="elementor-column elementor-col-100 elementor-top-column elementor-element elementor-element-235752d" data-id="235752d" data-element_type="column" data-e-type="column">
			<div class="elementor-widget-wrap elementor-element-populated">
						<div class="elementor-element elementor-element-440ab2a elementor-widget elementor-widget-text-editor" data-id="440ab2a" data-element_type="widget" data-e-type="widget" data-widget_type="text-editor.default">
				<div class="elementor-widget-container">
									<article id="post-45" class="post-45 page type-page status-publish hentry latest_post"><header class="page-header"><h1 class="page-title">Inhaber:</h1></header><div class="entry-content"><p>Jan Aeberhard</p><p>Fribourg</p><h2>Kontakt:</h2><p>jan@icomimage.ch</p><p>Copyright © Icomimage</p><p>Inhalte, Bilder und Graphiken dürfen nicht verwendet oder kopiert werden.<br />Wir sind nicht für die Inhalte verknüpfter Internetseiten anderer Anbieter verantwortlich.<br />Für Informationen auf unserer Webseite und Webeiten Dritter werden sämtliche Haftungsansprüche abgelehnt.</p></div></article>								</div>
				</div>
					</div>
		</div>
					</div>
		</section>
				</div>

<p>Inhaber: Jan Aeberhard Fribourg Kontakt: jan@icomimage.ch Copyright © Icomimage Inhalte, Bilder und Graphiken dürfen nicht verwendet oder kopiert werden.Wir sind nicht für die Inhalte verknüpfter Internetseiten anderer Anbieter verantwortlich.Für Informationen auf unserer Webseite und Webeiten Dritter werden sämtliche Haftungsansprüche abgelehnt.</p>
